10001101101110000110000 (base 2) to base 13
c67982
What is 67366 (base 15) in base 11?
2045a5
What is -18b18d (base 14) in base 13?
-248753
Convert -20137174 (base 8) to base 2.
-10000001011111001111100
What is -261c7a5 (base 13) in base 14?
-182a631
Convert -2112103012 (base 5) to base 16.
-43499d
Convert 162282 (base 12) to base 3.
201011021022
What is -36242 (base 10) in base 4?
-20312102
-15235524 (base 6) to base 14
-dc820
What is -11111100010001110111111 (base 2) in base 10?
-8266687
What is 2b7f2 (base 16) in base 9?
301347
34fe1 (base 16) to base 15
444a7
-2992 (base 12) to base 6
-34302
-103185 (base 10) to base 16
-19311
What is -66210 (base 12) in base 15?
-2a059
What is -5d17c8 (base 14) in base 10?
-3192820
Convert -393974 (base 11) to base 2.
-10010111011000110101
Convert -1174132 (base 12) to base 13.
-9178a3
What is 222a9e (base 16) in base 7?
25014042
-10011101000000000100 (base 2) to base 8
-2350004
1b6b37 (base 12) to base 13
141706
What is 121576 (base 12) in base 6?
10135430
What is 472b2 (base 14) in base 12?
84438
What is 23331103201 (base 4) in base 3?
12220020222121
What is 31313031 (base 4) in base 7?
324354
2763415 (base 10) to base 7
32326414
-1112100211222 (base 3) to base 13
-226787
Convert -700b (base 12) to base 6.
-132015
What is 2545252 (base 9) in base 15?
1c64d5
Convert 2022210110020 (base 3) to base 2.
100101101110000010001
-4113411 (base 6) to base 7
-1445605
-124202543 (base 7) to base 10
-7917059
What is 6937b30 (base 12) in base 4?
1031023102110
Convert 10001212112211 (base 3) to base 12.
667b71
3c0a0 (base 13) to base 9
180781
What is 1144031 (base 6) in base 14?
18095
20111201012102 (base 3) to base 13
941282
45265 (base 11) to base 5
4044112
What is 808115 (base 9) in base 12?
1b097b
Convert -110010000111111100011 (base 2) to base 5.
-410024332
Convert -b95a44 (base 14) to base 9.
-12727153
What is -1010300313 (base 5) in base 12?
-824b70
2abb0 (base 15) to base 13
4a859
-33515423 (base 6) to base 8
-3712407
Convert 110321131 (base 5) to base 4.
1311010311
What is 1153350 (base 9) in base 2?
10011000110001101010
-97664 (base 12) to base 4
-300233230
424544 (base 6) to base 7
203236
Convert 10050242 (base 6) to base 11.
186298
Convert -2b9c0 (base 13) to base 9.
-135724
121030011111 (base 4) to base 8
31140525
31421210 (base 5) to base 4
1000123322
What is 1011021110 (base 3) in base 10?
22800
What is 1087656 (base 9) in base 5?
122331234
Convert 1302400142 (base 5) to base 3.
12221222202212
What is -245992 (base 13) in base 8?
-3242117
Convert -628207 (base 9) to base 10.
-373417
What is -1009824 (base 10) in base 14?
-1c4024
What is -165642 (base 7) in base 13?
-1219b
-121012303 (base 4) to base 8
-310663
Convert 55fde3 (base 16) to base 9.
11538467
-121b719 (base 14) to base 13
-1a49856
What is 8c4645 (base 16) in base 3?
122022001110120
7938a (base 11) to base 7
656031
1001001331 (base 4) to base 3
111112101101
Convert -95685a7 (base 11) to base 7.
-263132023
What is 66720 (base 13) in base 9?
312726
Convert -bf32 (base 16) to base 2.
-1011111100110010
-122011001002 (base 3) to base 15
-6a03b
What is 36304541 (base 7) in base 15?
43b945
10111100111110111110 (base 2) to base 15
104553
Convert 1b529a4 (base 12) to base 4.
112033300030
Convert 13bab (base 12) to base 3.
1101220112
20a42 (base 15) to base 10
103562
Convert 44423014 (base 7) to base 8.
16507616
-1001012212100 (base 3) to base 13
-165a50
What is -7b9b8 (base 13) in base 16?
-371e6
What is -2c259 (base 13) in base 15?
-19cd3
261ab (base 14) to base 12
46237
-242140 (base 5) to base 6
-105513
What is 1001100010000100000011 (base 2) in base 12?
a060ab
Convert -4342352 (base 6) to base 15.
-43da8
-1243042 (base 6) to base 12
-33482
3133233320 (base 4) to base 3
1201120011102
What is -2021021 (base 4) in base 8?
-21111
849a96 (base 12) to base 10
2090706
Convert 11101001002020 (base 3) to base 13.
6346aa
-10455153 (base 6) to base 11
-1a846a
Convert 600243 (base 7) to base 9.
163450
826702 (base 12) to base 5
1010343011
What is 151259 (base 11) in base 14?
61d77
-ac226 (base 14) to base 5
-101330024
-100021211101 (base 4) to base 2
-10000001001100101010001
24b27 (base 12) to base 14
14315
-1033038 (base 11) to base 9
-3372816
Convert 40907 (base 13) to base 16.
1c43c
-219826 (base 12) to base 13
-159762
Convert -1443000 (base 6) to base 5.
-10133332
Convert 20230022101 (base 4) to base 15.
2eee8d
What is -1420636 (base 7) in base 14?
-4d356
What is -556d (base 14) in base 8?
-34715
What is -630330 (base 11) in base 2?
-11110110101111000001
Convert -5111217 (base 11) to base 10.
-9035088
Convert -3233034301 (base 5) to base 4.
-122122200212
-211101202022 (base 3) to base 5
-103101424
Convert 10232303233 (base 4) to base 9.
2300334
Convert 1330341242 (base 5) to base 7.
40441202
What is 75436 (base 9) in base 14?
142a5
Convert 3dac8 (base 16) to base 12.
102234
-a9a967 (base 11) to base 16
-1ace4f
-4066266 (base 9) to base 4
-20101231332
What is 22202100212000 (base 3) in base 16?
46fd52
d8206a (base 14) to base 6
420321410
-d0f (base 16) to base 10
-3343
What is -100123330110 (base 4) in base 6?
-232203540
What is -10643430 (base 7) in base 11?
-589724
Convert -20111101102201 (base 3) to base 10.
-3452131
-16263506 (base 9) to base 11
-46544a4
Convert -101000111001011 (base 2) to base 6.
-240535
-10410746 (base 8) to base 12
-8b8172
Convert -159740 (base 12) to base 6.
-11524520
Convert -2a36364 (base 11) to base 8.
-23667726
-289597 (base 12) to base 5
-133224224
-2b5873 (base 13) to base 4
-10011002010
-10432121 (base 5) to base 7
-534341
What is 510827 (base 11) in base 3?
1112201001110
59a38 (base 12) to base 4
131132030
What is -1011102111221112 (base 3) in base 16?
-fed7a6
What is 66a25a (base 11) in base 12?
435b09
What is 2b3657 (base 13) in base 8?
4036762
What is 10111110010010001 (base 2) in base 16?
17c91
What is -20232131303 (base 4) in base 9?
-4265738
Convert -1241340 (base 7) to base 16.
-27669
-ae3b (base 16) to base 7
-244016
Convert 110000000011000001 (base 2) to base 12.
95a81
ac86a0 (base 15) to base 3
120111010002120
631a9 (base 15) to base 3
120222002020
What is 11010001000101000000010 (base 2) in base 14?
ca4a66
What is 517755a (base 12) in base 5?
12411234130
Convert -1780938 (base 12) to base 15.
-66a5ab
What is -14266350 (base 8) in base 7?
-36350366
What is 325d4d (base 14) in base 15?
23aa11
What is -212443 (base 5) in base 12?
-4240
-3202000300 (base 5) to base 11
-384780a
What is -220100122 (base 3) in base 11?
-12382
What is 250a8a (base 11) in base 3?
202011001110
156048 (base 15) to base 14
1cc56a
What is -4615130 (base 7) in base 4?
-2030202020
What is -211233313 (base 4) in base 8?
-455767
Convert -262159 (base 10) to base 6.
-5341411
-4645604 (base 8) to base 10
-1264516
What is 11654345 (base 7) in base 5?
232234331
11000011111 (base 3) to base 12
39771
Convert -171b1 (base 14) to base 15.
-122a0
What is -5a88a (base 13) in base 6?
-3321345
What is -10000000010110011001 (base 2) in base 4?
-2000112121
Convert 14410301 (base 6) to base 15.
9cd14
Convert 4241033133 (base 5) to base 2.
100010000010110000001000
What is 530313 (base 6) in base 12?
20999
Convert -212220111200020 (base 3) to base 12.
-4308880
15170c (base 13) to base 6
15031442
Convert 10202100202102 (base 3) to base 4.
13213011113
What is 4dc02 (base 15) in base 14?
66ab3
Convert 1c276 (base 16) to base 9.
185161
Convert 103112111 (base 4) to base 16.
13595
1001302302203 (base 4) to base 2
1000001110010110010100011
4274821 (base 9) to base 2
1000101111111001111100
-49d201 (base 15) to base 2
-1101011111101000101011
Convert -602757 (base 14) to base 7.
-36326140
Convert 615693 (base 16) to base 14.
bc0a9d
What is 168736 (base 13) in base 16?
89137
Convert fd85b (base 16) to base 11.
64a205
-1011201 (base 6) to base 3
-2110011201
Convert 2112120222212 (base 3) to base 4.
11021213120
-11112301 (base 4) to base 14
-7dcd
What is -26043613 (base 8) in base 11?
-32a17a0
600884 (base 9) to base 10
355018
Convert -57a20 (base 16) to base 3.
-200020101020
-1a66a (base 11) to base 4
-13001101
Convert -1d5b3 (base 15) to base 12.
-47529
Convert 1110110101111100 (base 2) to base 7.
342151
Convert -222735 (base 8) to base 7.
-432220
1242524 (base 6) to 